{"id":4759,"date":"2026-02-23T07:16:44","date_gmt":"2026-02-23T07:16:44","guid":{"rendered":"https:\/\/nordicofurniture.com\/?product=biurko-marina-2s-bialy"},"modified":"2026-02-23T07:16:44","modified_gmt":"2026-02-23T07:16:44","slug":"marina-2s-desk-white","status":"publish","type":"product","link":"https:\/\/nordicofurniture.com\/?product=marina-2s-desk-white","title":{"rendered":"Marina 2S Desk \u2013 White"},"content":{"rendered":"<p><strong>BIURKO Z 2 SZUFLADAMI MARINA 2S <\/strong><\/p>\n<p><strong>SERIA: MARINA<\/strong><\/p>\n<p><strong>MODEL: MARINA 2S<\/strong><\/p>\n<p><strong>KOLOR: BIA\u0141Y<\/strong><\/p>\n<p>Przedstawiamy <strong>eleganckie biurko Marina 2S<\/strong>, kt\u00f3re wyr\u00f3\u017cnia si\u0119 nowoczesnym designem i funkcjonalno\u015bci\u0105. To praktyczne biurko i wyj\u0105tkowy mebel kt\u00f3ry dodaje wn\u0119trzu elegancji i ponadczasowego stylu.<\/p>\n<p><strong>CECHY BIURKA:<\/strong><\/p>\n<ul>\n<li><strong data-end=\"1178\" data-start=\"1139\">P\u0142ynnie wysuwane dwie szuflady z blokad\u0105<\/strong> \u2013 bezpieczne i komfortowe u\u017cytkowanie<\/li>\n<li><strong>Bezuchwytowe fronty<\/strong> \u2013 zapewniaj\u0105 wygodne u\u017cytkowanie i minimalistyczny wygl\u0105d.<\/li>\n<li><strong>Funkcjonalno\u015b\u0107<\/strong> \u2013 dwie pojemne szuflady umo\u017cliwiaj\u0105 przechowywanie drobnych przedmiot\u00f3w, dokument\u00f3w lub akcesori\u00f3w biurowych.<\/li>\n<li><strong>Uniwersalny design<\/strong> \u2013 idealnie pasuje zar\u00f3wno do sypialni, jak i biura czy m\u0142odzie\u017cowego pokoju.<\/li>\n<\/ul>\n<p><strong>WYMIARY BIURKA MARINA 2S:<\/strong><\/p>\n<ul>\n<li><strong>G\u0142\u0119boko\u015b\u0107:<\/strong> 50 cm<\/li>\n<li><strong>Szeroko\u015b\u0107:<\/strong> 81 cm<\/li>\n<li><strong>Wysoko\u015b\u0107:<\/strong> 80 cm<\/li>\n<\/ul>\n<p><strong>MATERIA\u0141Y WYKONANIA:<\/strong><\/p>\n<ul>\n<li><strong>Korpus i fronty:<\/strong> Laminowana p\u0142yta wi\u00f3rowa o grubo\u015bci 16 mm.<\/li>\n<li><strong>Szuflady:<\/strong> Wyposa\u017cone w prowadnice rolkowe, co gwarantuje p\u0142ynne i bezpieczne u\u017cytkowanie.<\/li>\n<\/ul>\n<p><strong>DLA KOGO JEST TO BIURKO?<\/strong><\/p>\n<p>Biurko Marina 2S to doskona\u0142e rozwi\u0105zanie zar\u00f3wno dla os\u00f3b poszukuj\u0105cych funkcjonalnego miejsca do pracy, jak i tych, kt\u00f3rzy ceni\u0105 estetyk\u0119 w ka\u017cdym detalu. To minimalistyczny, ale elegancki mebel, kt\u00f3ry dopasuje si\u0119 do wielu aran\u017cacji wn\u0119trz.<\/p>\n<p><strong>Inne mo\u017cliwo\u015bci:<\/strong><\/p>\n<p>W ofercie dost\u0119pne biurko wraz z Lustrem i o\u015bwietleniem LED (pe\u0142na toaletka).<\/p>\n<p><strong>U\u017bYTKOWANIE:<\/strong><\/p>\n<ul>\n<li>Powierzchni\u0119 mebla czy\u015bci\u0107 przy pomocy mi\u0119kkiej szmatki.<\/li>\n<li>Unika\u0107 stosowania silnie dzia\u0142aj\u0105cych \u015brodk\u00f3w chemicznych.<\/li>\n<\/ul>\n<p><strong>W OPAKOWANIU:<\/strong><\/p>\n<ul>\n<li>Instrukcja monta\u017cu.<\/li>\n<li>Komplet akcesori\u00f3w monta\u017cowych.<\/li>\n<\/ul>\n<p><strong>Biurko jest fabrycznie zapakowane do samodzielnego monta\u017cu<\/strong>, co umo\u017cliwia szybkie i wygodne przygotowanie mebla do u\u017cytku. To idealny wyb\u00f3r dla mi\u0142o\u015bnik\u00f3w elegancji i praktycznych rozwi\u0105za\u0144!<\/p>\n<p><em><strong data-end=\"82\" data-start=\"67\">Informacja:<\/strong><\/em><\/p>\n<p><em>Dok\u0142adamy wszelkich stara\u0144, aby kolory mebli prezentowane na zdj\u0119ciach by\u0142y odwzorowane mo\u017cliwie jak najdok\u0142adniej. Nale\u017cy jednak pami\u0119ta\u0107, \u017ce ich odbi\u00f3r mo\u017ce si\u0119 r\u00f3\u017cni\u0107 w zale\u017cno\u015bci od indywidualnych ustawie\u0144 monitora lub ekranu (takich jak jasno\u015b\u0107, kontrast, temperatura barwowa czy technologia wy\u015bwietlania). Rzeczywisty odcie\u0144 produktu mo\u017ce si\u0119 tak\u017ce r\u00f3\u017cni\u0107 w zale\u017cno\u015bci od warunk\u00f3w o\u015bwietleniowych.<br data-end=\"491\" data-is-only-node=\"\" data-start=\"488\" \/>Ewentualne r\u00f3\u017cnice kolorystyczne nie wynikaj\u0105 z wady produktu.<\/em><\/p>\n","protected":false},"excerpt":{"rendered":"<p>BIURKO Z 2 SZUFLADAMI MARINA 2S SERIA: MARINA MODEL: MARINA 2S KOLOR: BIA\u0141Y Przedstawiamy eleganckie biurko Marina 2S, kt\u00f3re wyr\u00f3\u017cnia si\u0119 nowoczesnym designem i funkcjonalno\u015bci\u0105. To praktyczne biurko i wyj\u0105tkowy mebel kt\u00f3ry dodaje wn\u0119trzu elegancji i ponadczasowego stylu. CECHY BIURKA: P\u0142ynnie wysuwane dwie szuflady z blokad\u0105 \u2013 bezpieczne i komfortowe u\u017cytkowanie Bezuchwytowe fronty \u2013 zapewniaj\u0105 [&hellip;]<\/p>\n","protected":false},"featured_media":4760,"comment_status":"closed","ping_status":"open","template":"","meta":{"_acf_changed":false},"product_brand":[],"product_cat":[82],"product_tag":[],"class_list":{"0":"post-4759","1":"product","2":"type-product","3":"status-publish","4":"has-post-thumbnail","6":"product_cat-desks","8":"first","9":"instock","10":"taxable","11":"shipping-taxable","12":"purchasable","13":"product-type-simple","swatches":"rey-swatches","show_selected":""},"aioseo_notices":[],"acf":[],"_links":{"self":[{"href":"https:\/\/nordicofurniture.com\/index.php?rest_route=\/wp\/v2\/product\/4759","targetHints":{"allow":["GET"]}}],"collection":[{"href":"https:\/\/nordicofurniture.com\/index.php?rest_route=\/wp\/v2\/product"}],"about":[{"href":"https:\/\/nordicofurniture.com\/index.php?rest_route=\/wp\/v2\/types\/product"}],"replies":[{"embeddable":true,"href":"https:\/\/nordicofurniture.com\/index.php?rest_route=%2Fwp%2Fv2%2Fcomments&post=4759"}],"wp:featuredmedia":[{"embeddable":true,"href":"https:\/\/nordicofurniture.com\/index.php?rest_route=\/wp\/v2\/media\/4760"}],"wp:attachment":[{"href":"https:\/\/nordicofurniture.com\/index.php?rest_route=%2Fwp%2Fv2%2Fmedia&parent=4759"}],"wp:term":[{"taxonomy":"product_brand","embeddable":true,"href":"https:\/\/nordicofurniture.com\/index.php?rest_route=%2Fwp%2Fv2%2Fproduct_brand&post=4759"},{"taxonomy":"product_cat","embeddable":true,"href":"https:\/\/nordicofurniture.com\/index.php?rest_route=%2Fwp%2Fv2%2Fproduct_cat&post=4759"},{"taxonomy":"product_tag","embeddable":true,"href":"https:\/\/nordicofurniture.com\/index.php?rest_route=%2Fwp%2Fv2%2Fproduct_tag&post=4759"}],"curies":[{"name":"wp","href":"https:\/\/api.w.org\/{rel}","templated":true}]}}